
5
Calculate the highest common factor of 6209 and 1827220.
887
What is the highest common factor of 18840 and 198678?
6
Calculate the greatest common factor of 2154284440 and 3080.
3080
Calculate the highest common divisor of 502298478 and 3762.
3762
What is the greatest common divisor of 4137331 and 17501?
473
Calculate the greatest common factor of 44643 and 7158.
3
What is the highest common factor of 18709 and 909639?
53
Calculate the greatest common factor of 22500 and 891684.
36
Calculate the highest common divisor of 133085221 and 10838.
5419
Calculate the highest common divisor of 1246 and 80759757.
89
Calculate the greatest common factor of 1651104 and 66015.
81
What is the greatest common divisor of 1968 and 2817072?
48
What is the greatest common factor of 155788 and 1620984?
1972
Calculate the highest common divisor of 46069071 and 1191.
1191
What is the greatest common divisor of 365 and 20360941?
73
Calculate the highest common divisor of 8006777 and 3231.
359
Calculate the highest common factor of 4431 and 726201.
21
What is the greatest common factor of 15970 and 32530?
10
Calculate the highest common divisor of 121 and 1436524826.
121
What is the greatest common divisor of 1463814 and 3168?
198
What is the greatest common factor of 11343358 and 494?
26
Calculate the highest common divisor of 7426307 and 1113.
371
What is the highest common factor of 21394400 and 10528?
1504
Calculate the highest common factor of 218337 and 21839601.
5901
What is the highest common factor of 15919514 and 884?
442
Calculate the greatest common divisor of 2740192 and 81172.
364
Calculate the highest common factor of 2722 and 1114.
2
What is the highest common factor of 474255 and 206145?
405
What is the greatest common divisor of 52430 and 35623?
49
Calculate the greatest common divisor of 19360585 and 125.
5
What is the greatest common divisor of 3243506 and 4025?
161
Calculate the greatest common factor of 188746628 and 56.
28
Calculate the highest common divisor of 1200 and 48480.
240
Calculate the greatest common factor of 4247047 and 1694.
7
What is the greatest common divisor of 2005 and 179128705?
2005
What is the highest common factor of 13849 and 13559430?
1259
What is the greatest common factor of 6821 and 1809001?
359
What is the greatest common divisor of 1867648 and 1?
1
Calculate the highest common factor of 7410 and 82101318.
1482
What is the greatest common factor of 8379 and 44687853?
441
What is the greatest common factor of 2487 and 991004838?
2487
Calculate the highest common divisor of 4 and 219635764.
4
What is the highest common factor of 1176328 and 24424?
568
What is the greatest common factor of 2370 and 24813110?
790
Calculate the highest common factor of 100302 and 11764188.
1374
What is the highest common factor of 88281446 and 44?
22
Calculate the highest common factor of 3730 and 607390.
10
Calculate the greatest common factor of 938277 and 2139.
93
What is the highest common divisor of 1577 and 338124?
19
Calculate the greatest common factor of 148911292 and 23.
23
What is the highest common factor of 620109 and 371790?
459
What is the highest common divisor of 18071 and 14968103?
1063
Calculate the greatest common divisor of 174 and 2792442.
6
Calculate the greatest common factor of 4852 and 244222994.
2426
Calculate the highest common factor of 237997287 and 1254.
627
What is the highest common divisor of 26750 and 75542?
214
Calculate the greatest common factor of 653271 and 2130.
213
Calculate the greatest common divisor of 17663932 and 3432.
572
What is the greatest common divisor of 697 and 7453267?
41
What is the greatest common divisor of 282924 and 600?
12
Calculate the highest common divisor of 41557 and 42543.
29
Calculate the greatest common divisor of 6282 and 49416306.
2094
What is the greatest common divisor of 2750 and 1683550?
550
Calculate the greatest common factor of 49364 and 1309952.
1204
Calculate the greatest common divisor of 114189888 and 4032.
192
What is the greatest common divisor of 46276 and 102028?
92
What is the greatest common divisor of 255845520 and 5040?
5040
What is the highest common divisor of 4808726 and 11234?
82
What is the greatest common factor of 12604959 and 18?
9
What is the greatest common divisor of 819697 and 5943706?
3611
What is the highest common factor of 17 and 203564?
1
Calculate the greatest common factor of 934149 and 210383.
101
Calculate the greatest common divisor of 358138 and 94754.
1606
Calculate the greatest common factor of 800722 and 1099216.
4738
Calculate the highest common divisor of 594184 and 59624.
2056
Calculate the greatest common factor of 8959 and 1393388.
527
What is the greatest common factor of 6036676 and 1066?
82
What is the highest common factor of 23679 and 150201?
27
What is the greatest common divisor of 47040 and 14438928?
2352
Calculate the greatest common factor of 118237 and 670453.
133
Calculate the highest common divisor of 26244 and 766296.
36
Calculate the greatest common divisor of 60 and 7126220.
20
What is the greatest common factor of 59 and 3345595?
59
What is the highest common divisor of 510 and 35905930?
10
What is the greatest common factor of 19648 and 159947?
307
Calculate the highest common factor of 1861134 and 66605.
1903
What is the highest common factor of 3333057 and 704613?
7917
Calculate the highest common factor of 42 and 227874.
6
Calculate the greatest common factor of 201132 and 729936.
1332
What is the greatest common factor of 1112 and 719628298?
278
What is the highest common factor of 13521 and 12732?
3
Calculate the greatest common divisor of 98 and 4849873.
49
Calculate the highest common factor of 55 and 171348386.
11
Calculate the greatest common factor of 24 and 347463096.
24
What is the highest common divisor of 11278470 and 42?
42
What is the highest common factor of 4918 and 20633469?
2459
Calculate the highest common factor of 1870 and 863090.
170
What is the highest common factor of 177298 and 19294?
22
What is the greatest common factor of 133 and 82053419?
133
What is the highest common factor of 208 and 4581317?
13
What is the greatest common divisor of 5333427 and 163251?
1683
What is the highest common factor of 207 and 106746749?
23
What is the highest common divisor of 215332 and 725296?
52
What is the greatest common factor of 182761383 and 42?
21
Calculate the highest common divisor of 2046 and 9794760.
186
Calculate the highest common divisor of 36450 and 5508000.
4050
Calculate the highest common factor of 23781210 and 810.
30
What is the greatest common divisor of 6025242 and 204?
102
What is the highest common divisor of 10 and 92397265?
5
What is the highest common divisor of 378 and 16949709?
189
What is the greatest common divisor of 11248080 and 900?
60
Calculate the greatest common factor of 204 and 22191171.
51
What is the highest common divisor of 3126 and 1201120694?
1042
Calculate the highest common divisor of 10 and 36104.
2
What is the highest common divisor of 491751 and 95979?
39
What is the highest common factor of 4142 and 85917506?
4142
Calculate the highest common divisor of 63876 and 42564.
12
What is the greatest common divisor of 1495 and 4071145?
65
What is the highest common divisor of 57662 and 45518?
22
What is the greatest common factor of 52 and 358789132?
52
What is the highest common factor of 76320 and 161650?
530
What is the highest common divisor of 8 and 17801818?
2
Calculate the greatest common divisor of 3863704 and 632333.
4979
What is the greatest common divisor of 43145 and 11115?
5
What is the greatest common factor of 545 and 835639235?
545
Calculate the highest common divisor of 597909884 and 44.
44
Calculate the greatest common factor of 390 and 54105090.
390
What is the greatest common divisor of 5713130 and 607260?
3490
What is the highest common factor of 12192128 and 17?
17
What is the highest common factor of 8 and 579902?
2
Calculate the greatest common divisor of 50 and 294141400.
50
Calculate the greatest common divisor of 56495365 and 15.
5
What is the highest common divisor of 77546 and 853570978?
11078
What is the greatest common factor of 7623 and 13513401?
1089
What is the highest common divisor of 65965 and 86900